at is the tens digit of 1617?
1
What is the units digit of 615809?
9
What is the units digit of 438468?
8
What is the hundreds digit of 613477?
4
What is the hundred thousands digit of 205730?
2
What is the ten thousands digit of 1638646?
3
What is the units digit of 564006?
6
What is the units digit of 384299?
9
What is the hundreds digit of 49482?
4
What is the hundred thousands digit of 1962217?
9
What is the hundred thousands digit of 286637?
2
What is the ten thousands digit of 2470634?
7
What is the millions digit of 3692423?
3
What is the tens digit of 16981669?
6
What is the units digit of 183340?
0
What is the hundred thousands digit of 13630180?
6
What is the ten thousands digit of 134335?
3
What is the units digit of 229206?
6
What is the tens digit of 318320?
2
What is the thousands digit of 467192?
7
What is the hundreds digit of 6774334?
3
What is the hundred thousands digit of 267721?
2
What is the units digit of 1629824?
4
What is the units digit of 10509085?
5
What is the hundred thousands digit of 114509?
1
What is the hundreds digit of 4457851?
8
What is the units digit of 7278885?
5
What is the hundred thousands digit of 334440?
3
What is the ten thousands digit of 502243?
0
What is the hundreds digit of 2587021?
0
What is the hundreds digit of 2465?
4
What is the units digit of 63890?
0
What is the tens digit of 26911294?
9
What is the units digit of 738637?
7
What is the hundred thousands digit of 12614483?
6
What is the thousands digit of 2150826?
0
What is the units digit of 4422470?
0
What is the hundred thousands digit of 1013632?
0
What is the hundreds digit of 941358?
3
What is the tens digit of 4902079?
7
What is the ten thousands digit of 660809?
6
What is the millions digit of 4507539?
4
What is the hundreds digit of 696442?
4
What is the units digit of 5601786?
6
What is the tens digit of 536137?
3
What is the millions digit of 1730552?
1
What is the hundred thousands digit of 6387727?
3
What is the ten thousands digit of 12541100?
4
What is the hundred thousands digit of 14054805?
0
What is the hundred thousands digit of 2164216?
1
What is the hundreds digit of 5827685?
6
What is the thousands digit of 14493?
4
What is the thousands digit of 28099114?
9
What is the hundreds digit of 453012?
0
What is the tens digit of 324067?
6
What is the hundred thousands digit of 136858?
1
What is the hundreds digit of 270151?
1
What is the ten thousands digit of 29573244?
7
What is the units digit of 2299456?
6
What is the millions digit of 7406005?
7
What is the units digit of 11037862?
2
What is the ten thousands digit of 152808?
5
What is the tens digit of 7135657?
5
What is the tens digit of 3649734?
3
What is the millions digit of 1328477?
1
What is the hundreds digit of 4891697?
6
What is the ten millions digit of 16659918?
1
What is the thousands digit of 4688560?
8
What is the ten thousands digit of 3331987?
3
What is the units digit of 1427628?
8
What is the units digit of 880003?
3
What is the hundreds digit of 1113538?
5
What is the ten thousands digit of 1257245?
5
What is the ten thousands digit of 42202?
4
What is the thousands digit of 967604?
7
What is the hundreds digit of 309836?
8
What is the hundred thousands digit of 577280?
5
What is the ten thousands digit of 624720?
2
What is the thousands digit of 1858130?
8
What is the hundred thousands digit of 655911?
6
What is the hundreds digit of 3543198?
1
What is the thousands digit of 519373?
9
What is the ten thousands digit of 4862091?
6
What is the hundred thousands digit of 303234?
3
What is the thousands digit of 639227?
9
What is the hundred thousands digit of 31006612?
0
What is the tens digit of 400630?
3
What is the units digit of 71248?
8
What is the thousands digit of 25775046?
5
What is the thousands digit of 263674?
3
What is the thousands digit of 3468275?
8
What is the ten thousands digit of 124161?
2
What is the units digit of 59247?
7
What is the hundred thousands digit of 2696373?
6
What is the hundreds digit of 1255089?
0
What is the tens digit of 344545?
4
What is the hundred thousands digit of 123204?
1
What is the ten millions digit of 14008987?
1
What is the hundred thousands digit of 207685?
2
What is the ten thousands digit of 647508?
4
What is the tens digit of 2000860?
6
What is the hundreds digit of 1920905?
9
What is the millions digit of 1318849?
1
What is the hundreds digit of 3821633?
6
What is the tens digit of 160203?
0
What is the tens digit of 694351?
5
What is the thousands digit of 1745886?
5
What is the ten thousands digit of 9880681?
8
What is the hundreds digit of 4023486?
4
What is the millions digit of 2763665?
2
What is the millions digit of 5932422?
5
What is the units digit of 173868?
8
What is the tens digit of 1733605?
0
What is the millions digit of 1948998?
1
What is the millions digit of 2856679?
2
What is the millions digit of 7605207?
7
What is the tens digit of 235316?
1
What is the units digit of 13119937?
7
What is the thousands digit of 4887898?
7
What is the tens digit of 8282539?
3
What is the units digit of 4994943?
3
What is the thousands digit of 1950198?
0
What is the thousands digit of 126991?
6
What is the thousands digit of 12838156?
8
What is the units digit of 83300?
0
What is the millions digit of 11489342?
1
What is the hundreds digit of 396536?
5
What is the thousands digit of 20721800?
1
What is the tens digit of 13011935?
3
What is the hundred thousands digit of 886695?
8
What is the hundred thousands digit of 39449508?
4
What is the ten millions digit of 27921754?
2
What is the hundreds digit of 370291?
2
What is the tens digit of 339353?
5
What is the tens digit of 13162676?
7
What is the ten thousands digit of 239768?
3
What is the thousands digit of 81839?
1
What is the ten thousands digit of 152940?
5
What is the hundred thousands digit of 11074370?
0
What is the ten thousands digit of 5550084?
5
What is the hundreds digit of 6191817?
8
What is the tens digit of 11907052?
5
What is the units digit of 135128?
8
What is the tens digit of 1238296?
9
What is the hundred thousands digit of 4244881?
2
What is the tens digit of 223236?
3
What is the units digit of 6678177?
7
What is the tens digit of 634172?
7
What is the tens digit of 3530857?
5
What is the hundred thousands digit of 2999451?
9
What is the thousands digit of 3825536?
5
What is the tens digit of 261424?
2
What is the hundred thousands digit of 4715765?
7
What is the units digit of 622239?
9
What is the tens digit of 6867807?
0
What is the units digit of 679792?
2
What is the hundred thousands digit of 1954591?
9
What is the units digit of 23884699?
9
What is the tens digit of 1262946?
4
What is the units digit of 30499354?
4
What is the units digit of 64282?
2
What is the units digit of 1645?
5
What is the ten thousands digit of 344155?
4
What is the hundreds digit of 306620?
6
What is the hundred thousands digit of 2334124?
3
What is the tens digit of 17177246?
4
What is the hundreds digit of 5920514?
5
What is the ten millions digit of 10186186?
1
What is the tens digit of 14956161?
6
What is the thousands digit of 13426004?
6
What is the hundred thousands digit of 481109?
4
What is the thousands digit of 31490576?
0
What is the hundred thousands digit of 10362162?
3
What is the hundreds digit of 270434?
4
What is the ten thousands digit of 345627?
4
What is the hundreds digit of 787060?
0
What is the thousands digit of 4358606?
8
What is the thousands digit of 6922986?
2
What is the units digit of 55160?
0
What is the ten thousands digit of 1340982?
4
What is the millions digit of 12766803?
2
What is the units digit of 13066146?
6
What is the tens digit of 21591733?
3
What is the ten thousands digit of 10915068?
1
What is the thousands digit of 3425556?
5
What is the hundred thousands digit of 114460?
1
What is the tens digit of 32675932?
3
What is the units digit of 55587?
7
What is the thousands digit of 7735275?
5
What is the ten thousands digit of 4241112?
4
What is the tens digit of 359305?
0
What is the millions digit of 15260717?
5
What is the ten thousands digit of 606991?
0
What is the thousands digit of 562062?
2
What is the millions digit of 6317005?
6
What is the hundreds digit of 869775?
7
What is th